erivative of -x**5/60 - x**4/8 + x**3/3 + 16*x**2. Calculate h(-5).
-8
Let j(r) be the first derivative of -r**2/2 - 2*r - 1. Suppose y - 4 - 2 = 0. Give j(y).
-8
Suppose -8 - 2 = 5*f. Let a(v) be the first derivative of 2/3*v**3 + 1 + 3/2*v**2 + 2*v. Determine a(f).
4
Let h(p) = -p. Let f(n) = n**2 + 2*n - 7. Let k(y) = -f(y) - 2*h(y). Determine k(-5).
-18
Suppose 0 = -5*o - b - 1, -2*o + 7*o + 9 = b. Let c = 5 + 0. Let g(a) = -1 + 4*a - 3*a + c*a. Calculate g(o).
-7
Let j(m) = -3*m + 4. Let w(l) = l - 1. Let a(f) = -2*j(f) - 9*w(f). Give a(-2).
7
Suppose 0 = 4*m - 6*u + 5*u - 18, -12 = -2*m + 2*u. Let r(n) be the second derivative of 0*n**m + 3*n + 3*n**2 - 1/6*n**3 + 1/20*n**5 + 0. What is r(0)?
6
Let v(g) = g**3 - 5*g**2 + 2*g - 6. Let l(t) = -t + 21. Let y be l(16). Give v(y).
4
Let o(k) be the second derivative of -k**4/12 + 7*k**3/6 + 3*k**2/2 - 2*k. Give o(7).
3
Suppose 3*a = -a + 4. Let c(v) = 1 - v + 2 + 2 - a. Determine c(0).
4
Let k(z) = 2*z - 2. Let h be k(7). Suppose 2*t + h = -4*q, -t + q = -3*q. Let u(s) = 2 - 3 + 0 - 2*s. Calculate u(t).
7
Let i(r) = r**2 + 3*r - 8. Suppose 9 = -3*s - 9. Give i(s).
10
Let x(p) = -3 - 3*p - 8 + 2*p + 10. Give x(4).
-5
Suppose -2*r - 4 = -4*r, 14 = 5*i - 3*r. Suppose -2*l - 2*l = 0. Let o(q) = 4 - 3*q + 4*q**2 + l + q**2 - 4*q - q**3. What is o(i)?
-8
Let l(d) = d**3 + 6*d**2 + d + 4. Let k(u) = -u - 6. Let a be k(0). Give l(a).
-2
Let j(u) = -4*u - 7. Let k be j(0). Let b(x) = -x**3 - 6*x**2 + 4*x - 1. What is b(k)?
20
Let z(a) = -a - 2. Let i(m) = m**2 - 6*m - 3. Let b be i(6). Let g = -3 - b. Calculate z(g).
-2
Let g(z) be the third derivative of z**5/12 - z**4/6 - 3*z**3/2 + 2*z**2. Let x(r) = -14*r**2 + 11*r + 26. Let s(l) = -11*g(l) - 4*x(l). Give s(-4).
11
Let n = -11 + 16. Suppose -n*y + 14 = 4. Let h(i) = -3 - 910*i + 0 + 917*i. Determine h(y).
11
Let b = 0 + 3. Let y(o) = 3*o**2 - 2 + 3*o**2 - o**3 + 3*o**2 - b*o**2. Give y(6).
-2
Let a(c) be the third derivative of c**9/60480 - c**8/4032 + c**7/1680 + c**6/720 - c**5/20 - 2*c**2. Let v(b) be the third derivative of a(b). Determine v(4).
-3
Let a(k) be the first derivative of 7*k**4/4 + 11. What is a(1)?
7
Let w(d) = -d**3 - 3*d**2 + 2*d + 6. Let x be (-125)/(-5)*4/(-5). Let i = 16 + x. Give w(i).
14
Suppose 0 = -0*z - z + 15. Let u = 10 - z. Let h(l) = 15*l**3 - 3*l**2 - 11*l - 1. Let p(f) = -7*f**3 + f**2 + 5*f. Let g(v) = 6*h(v) + 13*p(v). Give g(u).
-1
Let f(w) = w**3 - 6*w**2 - 5. Let c(p) be the first derivative of -p**2 - 6*p - 3. Let m be c(-6). What is f(m)?
-5
Let i(p) = -p - 4. Let g be i(-8). Suppose 8*u - g*u = 20, -2*w - u = 1. Let x(z) = z + 2. Give x(w).
-1
Let u(d) = -4*d + 1. Let p = 59 + -58. Give u(p).
-3
Suppose -d = 4*u + 22, 2*u + 13 = -5*d - 25. Let c be (5/3)/((-2)/d). Let z(t) = t - 5. Calculate z(c).
0
Suppose -3*t + 3*u = 0, 0*t = 3*t + 3*u - 18. Let i(m) = 0*m - 2*m - 1 - 8*m**t - 7 + 7. What is i(-1)?
9
Let t(q) = q**2 - 18*q + 19. Let h be t(17). Let r = 2 - -2. Let v(g) = 0*g**3 - r*g + h*g**3 + 2 - g**3 + 3*g**2. Calculate v(-4).
2
Let u = 8 + -3. Let n(j) = -u + j - 3 + 6. Let r be n(3). Let z(p) = 7*p**3 + p**2 + p - 1. Determine z(r).
8
Let z = -13 + 9. Let q(b) = -4*b**2 - b - 3. Let k(d) = 5*d**2 + 2*d + 4. Let h = -13 + 19. Let y(p) = h*q(p) + 5*k(p). Calculate y(z).
2
Suppose -5*g + v = -6 + 1, 0 = -5*g - 5*v + 5. Let u(h) = 2*h - 1. What is u(g)?
1
Let i(v) = 4 - 2 - 4*v + 3*v - 1. Determine i(-6).
7
Suppose f = -3*m + 2*f + 13, -5*m + 2*f + 21 = 0. Let s(j) = -j**2 + 4*j - 1. What is s(m)?
-6
Let d = -8 - -12. Let j(f) be the first derivative of -f**5/30 + 7*f**4/24 - 2*f**3/3 + f**2/2 + 2. Let l(p) be the second derivative of j(p). Calculate l(d).
-8
Let z(b) be the third derivative of -b**6/40 - b**5/30 + b**4/12 - b**3/6 + 20*b**2. Suppose -5*x + 3 = -2. Determine z(x).
-4
Let u be (-2 - 7)*(-2)/9. Let b(d) be the second derivative of d**3/2 + d**2/2 + d. What is b(u)?
7
Let b(s) = s**3 - 2*s**2 + 3*s. Suppose 4*k = 8*k - 8. Determine b(k).
6
Let q(z) = -z + 1. Suppose 7*j = 4*j + 3. Let r be q(j). Suppose 0 = -l + 1 - r. Let p(m) = -m + 1. Calculate p(l).
0
Let s(h) = -5 + 2 - 2*h + 3 - 2. Let x = -5 + 5. Suppose 2*m + z + 5 + 0 = x, -3*m - 12 = -3*z. Calculate s(m).
4
Let z = 85 - 59. Let f be 4/z + 44/52. Let c(k) = -k**2 - 1. Give c(f).
-2
Suppose -5*z - 4*r = -z - 4, -14 = z - 4*r. Let s(x) be the third derivative of 1/6*x**3 + 0 + 1/60*x**5 - 1/12*x**4 + 0*x - x**2 + 1/120*x**6. Give s(z).
1
Let w(s) = -2*s**2 + 4*s - 4. Let o(g) = 2*g**2 - 5*g + 5. Let j(u) = 5*o(u) + 6*w(u). Give j(-2).
-5
Let g = 3 + -5. Let o(y) = -y**3 - y**2 - y - 2. Calculate o(g).
4
Let q(t) be the first derivative of t**5/20 - 5*t**4/12 - 2*t**3/3 - 7*t**2/2 + 4*t - 4. Let h(f) be the first derivative of q(f). Determine h(6).
5
Let t(u) = u**3 - 4*u**2 - u + 1. Suppose 0 = -4*i + 2*b, 3*i - 7*b = -2*b - 14. Determine t(i).
-9
Let m(u) = u**3 - 4*u + 5*u**2 - 3*u**2 + 3*u. Suppose d + 3 = -0. Calculate m(d).
-6
Let a(p) = -2*p - 4. Let s(j) = j**3 - 5*j**2 + 7*j. Let r be s(5). Suppose d - 22 = -0*i + 2*i, 5*d + 5*i = r. Let k be 14/(-3) + (-4)/d. Give a(k).
6
Let j(g) = -g**2 + 10*g - 6. Let s be j(9). Let r(q) = q**2 - 3*q**3 + 3*q - q**3 - s + 3*q**3. What is r(2)?
-1
Let q(p) = p**2 + 6*p + 5. Let v(s) = -s**3 - 5*s**2 - 3*s + 4. Let z be v(-3). Give q(z).
0
Let b be 2/(-5) + 4/10. Let k(c) = -12 - c - 10 + 24. Determine k(b).
2
Let l(m) = m + 8. Let s be (0 + (-3 - -6))*-1. Let j be 11/s + 3/(-9). Calculate l(j).
4
Let p(z) = -z**2 - 4*z - 3. Suppose -6*w = -42 + 66. Calculate p(w).
-3
Suppose 2*m - 5*m = -18. Let r(z) = z**2 - 7*z + 1. Calculate r(m).
-5
Suppose 0 = -3*p + 2*p + 6. Suppose -25 = -d + p*d. Let q(a) = 4*a + 2. Let v(u) = u - 1. Let c(x) = -q(x) + 3*v(x). Calculate c(d).
0
Let y(p) be the third derivative of -p**6/120 + 3*p**5/20 - p**4/12 + 5*p**3/6 - 34*p**2. Calculate y(9).
-13
Let r(z) be the second derivative of z**3/6 - 3*z**2 - z. Suppose 2*w - 22 = -2*h, -3*w - 6 = -21. Give r(h).
0
Let a = 7 - 5. Suppose -5*t = -4*t + a. Let s be (1 - t)*(-1 - 0). Let z(h) = -h - 6. What is z(s)?
-3
Let s(a) = -3*a**3 + a**2 - 3*a - 3. Let h(b) = -2*b**3 - 2*b - 3. Suppose 2*u + 8 = 4*j, -u - 3*j - 4 = -0*u. Let o(g) = u*h(g) + 3*s(g). Give o(3).
0
Let a(g) = g - 1. Suppose -3*j = -2*o + 2*j - 16, 2*o + 3*j = 0. Determine a(o).
-4
Let h = -11 - -11. Suppose -20*i + 18*i + 8 = h. Let c(f) = f**3 - 4*f**2 - 2*f + 4. Give c(i).
-4
Let h(t) be the second derivative of 0 + 1/6*t**3 - 8*t - 1/12*t**4 + 7/2*t**2. Suppose 0 = -g - 4*g. Calculate h(g).
7
Suppose -2*p + 6 = 0, 17 = 5*x - 6*p + 5*p. Let u = x + -8. Let y(r) = -5*r**2 - 2*r - 3*r**3 + 2 - 3*r**3 + 5*r**3 - 1. Calculate y(u).
-7
Let m be (-2)/(-5) - (-32)/20. Let v(u) = 2 - 4*u + 3*u**m + 12*u - 8*u - u**3. Let w be 2/(2 + (-1)/1). Calculate v(w).
6
Let n(h) be the second derivative of h**5/120 - 5*h**4/24 - h**3/6 - h. Let w(j) be the second derivative of n(j). Let i be (-3)/(-3*1 + 2). What is w(i)?
-2
Let l(c) = 110*c - 36*c - 38*c - 5 - 34*c. Suppose 2*w + 26 = 8. Let y be (w/4)/((-9)/24). Calculate l(y).
7
Let a(i) = -i**2 + 8. Let y(l) = -l**2 - 8*l - 10. Let t be y(-5). Let h = t + -5. What is a(h)?
8
Let b(t) be the second derivative of -t**3/6 - t**2/2 + 3*t. Calculate b(4).
-5
Let l(h) be the first derivative of h**3/3 + 5*h**2 - 6*h + 6. Let s be l(-11). Let g(j) = 2*j**3 + 0*j**3 + 6*j + 4*j**2 - 3*j**3. Calculate g(s).
5
Suppose -z = -3*u + 4, 3*u + 12 = 4*z - 8. Let l(o) = -o + 6. Calculate l(z).
-2
Let b(u) = u. Let p(y) = y**3 + 8*y**2 + 6*y - 2. Let w be p(-7). Give b(w).
5
Let b(m) = -3*m**2 + m + 1. Let h(z) = 7*z**2 - z - 3. Let u(t) = -9*b(t) - 4*h(t). Suppose 0 = 4*f - f + 18. Give u(f).
-3
Let q be 3 + 0 - (6 - 3). Let b = q - 4. Let p(v) = v**3 + 5*v**2 + v - 2. Determine p(b).
10
Let t(s) be the second derivative of -s**5/20 - 5*s**4/12 + s**3/3 + 8*s. Give t(-5).
-10
Let w(z) = z**2 - 3*z - 4. Let q be w(-2). Let c(g) = -g**2 + 6*g - 3. Give c(q).
-3
Let h(c) = 4*c - 5. Let y = 2 + 9. Let t(b) be the second derivative of b**3/6 - b**2/2 - 2*b. Let l(g) = y*t(g) - 2*h(g). Give l(-1).
-4
Let f(b) = -b + 4. Suppose -3*c + 11 = 4*j - 3, 0 = c - 4*j - 10. Calculate f(c).
-2
Let n(x) = x**3 + 3*x**2 + 2*x. Let l be 0/(-1